rs of 6/(-4)*98/(-21)?
7
Let b(p) = -2*p**3 - 3*p**2 + 12*p - 1. What are the prime factors of b(-5)?
2, 3, 19
Suppose 0 = -t + h + 1, 2*h + 14 = -2*t - 0*t. Let c = 5 + t. Suppose 3*v - 22 = -c*u, -5*u = -3*v - 8 - 5. List the prime factors of u.
5
Suppose -16 = -5*v + 9. Suppose 0 = y - 1 - 1, -5*y = -v*b. What are the prime factors of b?
2
Suppose 0*y + 2 = -y. Let l be (-424)/(-14) + y/7. Suppose 7 = -2*b - 5*j, 2*b + 3*j = -3*b + l. List the prime factors of b.
3
Let u(l) = l + 3. Let f be u(-4). Let g(r) = 7*r**3 - 2*r**2 - r. Let m be g(f). Let s = -5 - m. List the prime factors of s.
3
Suppose 0*f + 6 = 3*f. Let i be (-3)/(3/(-10)) - f. Let j = 12 - i. List the prime factors of j.
2
Let l = 2 + 0. Suppose -d + 3 = 3*m, 0 = -0*m + l*m - d - 7. Suppose -m*i + 6 = w + w, 14 = 3*w - 2*i. List the prime factors of w.
2
Let o = -6 + 0. Let t = 11 + o. Suppose 0 = d - 4*d, -d - t = -k. List the prime factors of k.
5
Suppose -4*a = z - 185, 5*a + 3*z = 2*a + 132. List the prime factors of a.
47
Let n = 16 - -15. What are the prime factors of n?
31
Let l = -13 - 7. Let j = -12 - l. Suppose 2*a - 4*a = -j. What are the prime factors of a?
2
Let l(p) = -p**2 - 8*p + 7. What are the prime factors of l(-6)?
19
Let o = 112 - -51. What are the prime factors of o?
163
Let q(c) = c**3 - 10*c**2 + 9*c. Let w be q(9). Suppose 0 = 3*v - 5*h - 115, -h + w*h + 103 = 3*v. List the prime factors of v.
5, 7
Suppose -y = 4*h - 21, -h - 2 = -0*h. What are the prime factors of y?
29
Let a(d) = -4*d - 7. What are the prime factors of a(-17)?
61
Suppose -3*r = -5*r + 2. List the prime factors of 30/(3 + (r - 2)).
3, 5
Let o(q) be the third derivative of -q**6/120 + q**5/20 + q**4/24 - q**3/6 + 2*q**2. What are the prime factors of o(3)?
2
Let b(j) = -4*j**3 - 2*j**2 + 3*j + 2. Let l be b(-2). Suppose -2*x - 27 = 3*c, -2*x + x - 27 = 3*c. Let i = c + l. List the prime factors of i.
11
Let m(a) = a**3 + 26*a**2 + 22*a + 43. What are the prime factors of m(-25)?
2, 59
Let m = 369 - 155. List the prime factors of m.
2, 107
Suppose 0 = 2*x - j - 35, 4*j - 56 = -3*x + 2*j. List the prime factors of x.
2, 3
Let s(h) = -h**3 + 15*h**2 + 3*h + 6. What are the prime factors of s(15)?
3, 17
Suppose 2 = m, -3*v + m = v - 2. Let d be ((-12)/(-9))/(2/6). Suppose 0 = -3*t + d*a + 22, -2*a - 15 = -2*t - v. List the prime factors of t.
2, 3
List the prime factors of 325/6 - (-4)/(-24).
2, 3
Suppose 23 = -2*r + 5*q, -r + 26 = -3*q + 8*q. Let a be (1 - (r + 0))*-1. Suppose a*d - 4*m = 2*d - 32, 4*d = -5*m + 55. What are the prime factors of d?
2, 5
Let d = -2 + -13. Let t = 17 + -38. Let z = d - t. What are the prime factors of z?
2, 3
Let w(u) = 7*u - 30. What are the prime factors of w(14)?
2, 17
Let d = 18 - 10. Let f = 11 - d. Suppose 4*n - f - 25 = 0. What are the prime factors of n?
7
Suppose -3*k - 16 = -k. List the prime factors of k/6*36/(-4).
2, 3
Let f = -31 - -21. Let a = f + 5. What are the prime factors of (-4 + 3)/(1/a)?
5
Let v be (183/(-12))/((-2)/8). Let u = v - 40. What are the prime factors of u?
3, 7
Let s = 49 + 126. List the prime factors of s.
5, 7
Let l(q) be the third derivative of q**4/24 + 9*q**3/2 - 4*q**2. List the prime factors of l(0).
3
Let h(m) = 31*m**3 - m + 2. What are the prime factors of h(1)?
2
Suppose -2*c + c = 2*d - 6, 4*c = -d + 17. Suppose 2*r - c*l - 12 = -0, -28 = -3*r + l. List the prime factors of r.
2, 5
Let t be (-4)/14 + (-23)/(-7). Suppose 3 = c, -4*h + t*c + 69 = 2*c. List the prime factors of h.
2, 3
Let k = 272 - 192. List the prime factors of k.
2, 5
Suppose -s = -3*s - 6. Let v be 219/(-15) + s/(-5). List the prime factors of ((-4)/(-8))/((-1)/v).
7
Let l(j) = 10*j**3 - 2*j**2 + 1. Suppose 6 = g + 2*g. Suppose 0 = -5*y + 7 - g. List the prime factors of l(y).
3
Suppose 4*w + n = 58 + 231, -5*w - 4*n = -364. List the prime factors of w.
2, 3
List the prime factors of 75 - (-7 - (2 + -5)).
79
Suppose 0*d = 2*d. Let b(y) = -2*y**2 - 3*y + 20 + d*y**2 - 23 + y**3. What are the prime factors of b(4)?
17
Suppose y = 5*s - 330, s + 0*y = 3*y + 52. What are the prime factors of s?
67
Let t(q) = 7*q**3 + 0 - q**2 + 1 - 14*q**3. List the prime factors of t(-1).
7
Let k be (-1)/(-6) + (-5)/30. Suppose 2*g - 39 - 9 = k. What are the prime factors of g?
2, 3
Suppose 3*d = 2*t + 6, -2*t = d - 4*t + 2. Let g(r) = -r**3 + 4*r**2 + 3*r - 3. What are the prime factors of g(d)?
3
What are the prime factors of ((-20)/15)/((-20)/6)*160?
2
Let c be ((-1)/2 + 1)*8. Suppose -5*n - c = -6*n. What are the prime factors of n?
2
List the prime factors of (-4)/(-14) - (-549)/63.
3
What are the prime factors of 9/(-3) - (-3 + -17 - 2)?
19
Suppose -5*r - 5 = 0, x - 6*x = -5*r. Let t(w) = w. Let z(b) = -12*b. Let j(v) = -20*t(v) - z(v). List the prime factors of j(x).
2
Suppose -4*g = -2*g - 6. Suppose -g*x = 3*n - 91 - 50, -2 = 2*n. What are the prime factors of x?
2, 3
Let i = 481 - 342. List the prime factors of i.
139
List the prime factors of 96/6 + 1/1.
17
Suppose 3*x + x + 24 = 0. Let d = x - -23. What are the prime factors of d?
17
Let j = 399 + -280. What are the prime factors of j?
7, 17
Let y(h) = 5*h - 3. Let g be y(3). Suppose -5*f + 2 = 7. List the prime factors of g/6 + f + 2.
3
Let d(o) = 2*o**3 + 2*o**2 - o. Let x be d(1). Suppose -m = -5*m. Suppose -5*p = -3*c - 55 - 15, -x*c = m. List the prime factors of p.
2, 7
Suppose 55 = 2*g + 2*g + l, -3*g = 3*l - 39. What are the prime factors of g?
2, 7
Suppose w + 3*m - 5 = 0, 4*m - 2 - 6 = -2*w. What are the prime factors of 1029/28 + w/8?
37
Suppose -60 = -3*b - 3*t - 2*t, 2*t - 36 = -2*b. Suppose 4*m - b = -3. Suppose -2*v = -m*v + 9. List the prime factors of v.
3
Let j = 44 + -29. Suppose -5*f + j = 5. List the prime factors of f.
2
Let r(p) = -p. Let a be r(-2). Suppose 0 = d - 5, 2*b - 58 = -2*d - a*d. List the prime factors of b.
19
Suppose -3*f + 2*s = -16, 5*s = -f - 3*f + 29. Let g(b) = -5*b**3 + 1 - 2*b**2 - f*b**3 + 5*b**3. List the prime factors of g(-1).
5
Suppose -y = -0 + 3. Let z be -2 - -1 - y/1. Suppose z = g - 1. List the prime factors of g.
3
Let n be 6 + 0 + 1 + 2. Let v(s) = -7 + 19*s - 3*s**3 + 8*s**2 + 2*s**3 - 8*s - 5. List the prime factors of v(n).
2, 3
Let x be (-14)/10 + (-6)/10. List the prime factors of 2 + x + -1 + 17.
2
Let c(y) = -y - 2*y - 1 + 3*y - y. Let m be c(-5). Suppose -2*n - m*o = -26, -5*n + 22 = o - 52. What are the prime factors of n?
3, 5
Suppose 3*k - 4*k = 0. Suppose -4*f - f - 30 = k. What are the prime factors of (4/5)/(f/(-15))?
2
Let g = 177 - 16. What are the prime factors of g?
7, 23
Let x(w) be the third derivative of 19*w**4/24 + w**3/6 + 4*w**2. Let s(h) = 75*h + 4. Let y(c) = 2*s(c) - 9*x(c). What are the prime factors of y(-1)?
2, 5
Let u(i) = -i + 143. What are the prime factors of u(0)?
11, 13
List the prime factors of 0/3 + (-26)/(-1).
2, 13
Suppose 2*b = 5*b - 3*t - 12, t = 3*b - 22. List the prime factors of b.
3
Suppose 3*c = -4*m + 13, 0 = 2*m - 2. Suppose 3*o - 19 = -l, 6*o - 17 = c*o - 2*l. Suppose -2*w = n + w + o, 0 = -n - w + 1. What are the prime factors of n?
5
Let s = 71 - 67. Suppose 0*v - v - 19 = -2*w, 2*v - 2 = 0. Let t = w - s. What are the prime factors of t?
2, 3
Suppose 3*y = l - 8, 4*l - 3*y = 39 - 7. Let k = 2 + l. What are the prime factors of k?
2, 5
Let g = 631 + -390. List the prime factors of g.
241
Suppose 4*q - 4*r - 348 = 0, -q + 4*q - 261 = -2*r. List the prime factors of q.
3, 29
Suppose -4*m - 4 = o, -o - 3*m = -m. Suppose 0 = o*b - 46 + 2. List the prime factors of b.
11
Let y = 185 - 146. What are the prime factors of y?
3, 13
Let i(m) = 19*m + 7. What are the prime factors of i(7)?
2, 5, 7
Suppose 5*g = g + 24. List the prime factors of g.
2, 3
Suppose -24*r + 22*r = -326. List the prime factors of r.
163
Suppose -2*u + 0 = 2. Let s be (1 + 3/3)*u. What are the prime factors of s/(-8) - 81/(-12)?
7
Let s be 1 - (3 - 0 - 54). Suppose 12 + s = 4*q. List the prime factors of q.
2
List the prime factors of 4 + (204/4)/1.
5, 11
Let s(w) = 2*w**2 + 10*w + 4. List the prime factors of s(4).
2, 19
Let u(f) = 36*f. What are the prime factors of u(1)?
2, 3
Let q(p) = -p**2 + 6*p + 4. Let t be q(6). Suppose -t*n + 1 = -59. List the prime factors of n.
3, 5
Let y be -3 - 6*(-3)/6. Suppose -5*k + 33 + 92 =